(0).
-11
Suppose 8 = -p + 3*p, -5*p + 60 = 5*d. Let b(c) = -c + 1. Give b(d).
-7
Let w(m) = -m**3 + 8*m**2 + 10*m - 5. Let d be w(9). Let p(i) be the third derivative of -i**6/120 + i**5/15 + i**4/24 - i**3/6 - 29*i**2. Give p(d).
3
Let h(o) = -464*o - 1 + 462*o + 0. Let c(x) = 4*x + 2. Let z(k) = -3*c(k) - 7*h(k). What is z(-5)?
-9
Let t(k) = -2*k + 3 - 4*k**2 + k - k**2 - k**3. Let w = -388 + 385. What is t(w)?
-12
Suppose 3*y = -2*t + 20, y - 3*t + 4*t = 7. Let w(m) = 0*m + 10*m - 9 + m**3 + 8*m**2 - y*m. Determine w(-7).
12
Let n(l) = -1. Let m(y) = y**2 - 5*y + 1. Let w = 26 + -27. Let i(x) = w*m(x) - 3*n(x). Give i(5).
2
Let v(p) be the first derivative of -p**3/3 + 9*p**2/2 - 2*p + 251. Calculate v(7).
12
Let f(r) = -r. Let w(z) = 9*z + 19. Let l be w(-8). Let v = l - -50. Calculate f(v).
3
Let o be 6/(14/7)*-1*5. Let x(n) = -n**2 - 16*n - 13. Give x(o).
2
Let i(s) = s + 2. Let z(t) = -4 + 1 - 2*t + t - 1. Let g(k) = k**3 - k - 6. Let m be g(0). Let n be z(m). What is i(n)?
4
Let y(l) be the second derivative of -l**4/12 + l**3 - 3*l**2/2 + 34*l + 2. What is y(5)?
2
Suppose 0 = 2*z + 22*z + 120. Let x(f) = -f**3 - 4*f**2 + 3*f - 2. Give x(z).
8
Let a(x) be the first derivative of -7*x**4/4 + x**2/2 + x - 2. Let l(c) = 2*c**2 - 2*c - 1. Let j be l(2). Let v be (j/(-9))/((-5)/(-15)). What is a(v)?
7
Let i(d) = -14*d**2 + d. Suppose -2*t + 12 = -5*s, 3*t + s - 2*s - 18 = 0. Let p(y) = -y**2. Let n(c) = t*p(c) - i(c). Determine n(1).
7
Let h(g) = -1 + 9 - 2928*g + 2933*g. Calculate h(2).
18
Let a(i) = i - 6. Suppose -1376*x + 16 = -1377*x. Determine a(x).
-22
Let k(s) = 45 - 24 - 18 + 3*s**2 + 2*s. Determine k(-3).
24
Suppose -24*h = -6*h - 108. Let f(k) be the first derivative of -k**2/2 + 10*k + 2. Give f(h).
4
Let c(j) = 4*j**2 + 6*j + 1. Suppose 0 = 10*w + 15 - 5. Let t(d) = -d**2. Let h(m) = w*c(m) - 3*t(m). Give h(-6).
-1
Suppose 6*a = 2*l + 8*a - 22, -l = -5*a + 13. Let z(j) = j**2 + 4*j - 74. What is z(l)?
3
Let a be -1 + 0 - (-3 - -7). Let q(p) = 2*p**2 + 3*p - 7 - p**2 - p**3 - 3*p**2 - 2*p**2. What is q(a)?
3
Let m(h) = h**3 + 5*h**2 + 9*h + 1. Let a(o) = 19*o**3 + 6*o + 19*o**2 - 15*o**3 + 5*o + 26*o + 3. Let f(v) = -2*a(v) + 9*m(v). Calculate f(-6).
-3
Let n(q) = -4*q + 3. Let r be n(-3). Let k = 18 - r. Let v(z) = -4*z + 3. Give v(k).
-9
Let w(g) be the second derivative of g**5/20 + 2*g**4/3 + 4*g**3/3 + 16*g + 2. Calculate w(-7).
-7
Suppose 5*q = -25, o - 3*q = -0*q + 17. Let c(h) = -3*h**3 - 3*h + 1. Determine c(o).
-29
Let l(r) = 14*r - 8. Let z be 7/14 - (-1)/2. Let w be l(z). Let q(o) = o - 3. What is q(w)?
3
Suppose 2*t + 16 = -5*y, y - 11*t + 8*t - 7 = 0. Let w(k) = -3*k**2 - 4*k - 2. Calculate w(y).
-6
Let g(o) = 3 + 685*o**2 - 9*o - 684*o**2 + 3. Calculate g(6).
-12
Let r(z) be the second derivative of -z**5/20 + z**4/12 + z**3/3 + 3*z**2/2 + 8*z. Suppose -49 = -10*j - 19. Calculate r(j).
-9
Let n = 1995 + -2000. Let u(s) be the first derivative of -2*s**2 - 1/3*s**3 + s - 2. Determine u(n).
-4
Let n(w) be the second derivative of 1/2*w**4 + 0 - 13*w + 5/2*w**2 - 1/20*w**5 - 1/6*w**3. Calculate n(6).
-1
Let r(u) be the third derivative of u**5/60 - 3*u**4/8 + 3*u**3/2 + 529*u**2. What is r(8)?
1
Suppose -53*a + 51*a + 6 = 0. Let r(o) = -12*o. What is r(a)?
-36
Let a(j) = 14*j + 2 - j**3 - 6*j + 0*j**2 - 6*j**2. Let l(o) = 7*o + 42. Let w be l(-7). Give a(w).
-5
Let r(b) = 2*b**2 - 2*b. Let w(s) = s**3 - 7*s**2 + 15*s - 107. Let f be w(7). What is r(f)?
12
Let s(n) be the first derivative of -n**3/3 + n**2 + 12*n - 37. Let m(l) be the first derivative of s(l). Calculate m(-3).
8
Let w(o) = -5*o**2. Let v = 13 - 26. Let m = v + 12. What is w(m)?
-5
Let i = -15 + 16. Let g(f) = -6*f**2 + 1. Determine g(i).
-5
Let c(q) = -1 + 2*q + 2 + 0 - 4*q. Suppose 3*y - 6 = 4*y + 3*h, 5 = -2*y + h. What is c(y)?
7
Let q = 83 + -67. Let x be -4*4/q*2. Let w(t) = 5*t + 1. Give w(x).
-9
Let m(o) = -2*o**3 - o**2 - 4*o + 1. Let b(z) = -z**3 - z**2 - 3*z + 2. Let c(s) = 3*b(s) - 2*m(s). What is c(0)?
4
Let u(d) = -d**2 - 19*d - 107. Let z be u(-10). Let a(n) = n**3 + 18*n**2 + 17*n - 16. What is a(z)?
-16
Let n(w) be the second derivative of -w**8/6720 + w**7/504 + w**6/720 - w**5/40 + 5*w**4/2 - 28*w. Let k(a) be the third derivative of n(a). Calculate k(5).
2
Suppose 2*r = r + 2, 5*r = -2*k + 20. Let v = k - 11. Let o(m) be the third derivative of -m**6/120 - m**5/12 + m**4/4 + 11*m**2. Calculate o(v).
0
Suppose -3*d - 21 = -5*t, 0 = -2*d - 1 - 3. Suppose -8 = -5*j + t*j. Suppose -j*p + 2 - 26 = 0. Let r(a) = a - 4. Calculate r(p).
-10
Let m(i) be the third derivative of -i**7/840 + i**6/60 + i**5/120 - 5*i**4/24 + 7*i**3/6 - 2*i**2. Let h(b) be the first derivative of m(b). What is h(6)?
1
Let b be (-4)/(5/3 - 1). Let p be (-1 + -4)*(-28)/70. Let g(y) = -15*y + 23*y - y**p - 14*y - 2. Give g(b).
-2
Suppose 0 = -3*k + 2*m + 4, -17*m + 12*m - 31 = 3*k. Let g(n) = -9*n. Calculate g(k).
18
Let o(c) be the second derivative of -2/3*c**3 + 0 + c + 1/2*c**2. Suppose -93 - 96 = 63*d. Calculate o(d).
13
Suppose 4 = -v - 1. Let a(m) = 3 + 0*m - m**2 - 2 - 3*m + 2. Determine a(v).
-7
Let o = 16 - 12. Let c be o/18 - (-100)/36. Let g(s) = 6*s + 4. What is g(c)?
22
Let m = 10 + -8. Let g be 3 + ((-54)/m)/3. Let b(p) be the first derivative of -p**3/3 - 3*p**2 + 4*p - 33. Determine b(g).
4
Let c(l) be the third derivative of l**5/60 + l**4/24 + l**3/6 - 382*l**2. Calculate c(-6).
31
Let g(w) be the third derivative of 0 - 1/24*w**4 + 16*w**2 + 0*w - 1/3*w**3. Give g(5).
-7
Let p = -87 + 89. Let b(n) = 4*n - 5*n**2 - n + 2*n**p + 2 + 4*n**2. Determine b(-2).
0
Let o(y) = 1 + 0*y**2 + 2 + 37*y - 40*y + y**2. Let a(s) = s**2. Let l(x) = x**3 + 6*x**2 + 6*x + 7. Let f be l(-5). Let j be a(f). Calculate o(j).
7
Let r(p) = -p**3 + 4*p**2 + 6*p - 1. Let u(w) = -w + 9. Suppose -y - 5*b + 5 = 1, -3*y + b + 12 = 0. Let i be u(y). Calculate r(i).
4
Suppose 0*k = -g + 4*k - 11, 0 = 3*g - 2*k + 3. Let n(q) = -g - 5 - 5*q**3 + 4*q**3 - 5*q**2. Let i = 14 + -19. Calculate n(i).
-6
Let y(w) = w**3 + 21*w**2 + 22*w + 17. Let k(f) = -5*f**3 + 56*f**2 + 47*f - 8. Let p be k(12). Give y(p).
-23
Let b be -3 - ((-54)/135)/(2/40). Let i(f) be the third derivative of -1/60*f**b + 0*f + 0 + 1/4*f**4 - f**2 + 1/6*f**3. Determine i(5).
6
Let a(h) = -1024 + 2047 - 1026 - 11*h - 2*h**2. Determine a(-4).
9
Let y(n) = n**2 - 4*n + 4. Let q be 2 - ((1 - 5) + 0). Suppose c = 2*f - q + 1, -3*c + 2*f = -1. What is y(c)?
1
Let p be 0 + 0 + 5/(-25)*0. Let f(d) = -2*d - 2 + p - 4 + 1. Determine f(-6).
7
Let q(j) = -11*j**2 + 11*j - 17. Let f(k) = -5*k**2 + 6*k - 8. Let x(s) = -9*f(s) + 4*q(s). Let n = 15 + -9. Give x(n).
-20
Let r(w) be the third derivative of -w**4/6 - 23*w**3/6 - 229*w**2. What is r(-7)?
5
Let g(t) = 10*t + 655. Let p be g(-66). Let w(x) = 3*x - 4. Determine w(p).
-19
Let x(y) = y**2 + 2*y + 8. Let i(w) = w**3 - 6*w**2 + 6*w - 10. Let c be i(5). Determine x(c).
23
Suppose -9*i - 8 = -i. Let n(u) = -5*u**2 + u - 1. What is n(i)?
-7
Let a(k) = k - 1. Let z be a(4). Let n(r) = 5*r**2 + 21*r - 14. Let g(p) = -2*p**2 - 7*p + 5. Let b(s) = z*n(s) + 8*g(s). Let o be -2*(12 - 3)/(-3). Give b(o).
4
Let k(l) be the third derivative of -l**5/60 - l**4/24 - l**3/3 - 153*l**2. Calculate k(0).
-2
Let l(r) = -r + 23. Let h(p) = 2. Let t(d) = -4*h(d) + l(d). Give t(17).
-2
Let p(f) = f**3 + 2*f**2 - 3*f + 4. Suppose -48*s - 8*s = 224. Determine p(s).
-16
Let m be (0 + 3/15)/(9/90). Let b(n) = -10 + 0 - m*n + 2*n**2 - 3 + 11. Calculate b(2).
2
Suppose 0 = -5*k + 49 + 16. Suppose 2*a = 5*v - 4*v + 13, 5*a - 1 = -v. Let t = k + v. Let x(f) = -f**2 + 4*f - 2. Determine x(t).
-2
Let o(k) = 29*k + 3. Let q(s) = -3*s. Let b(y) = o(y) + 9*q(y). Calculate b(-1).
1
Let z(t) = 0*t - 4 + t - 3*t + 5. Let r(p) = p**3 - 13*p**2. Let i be r(13). Suppose -6*q + 4*q - 6 = i. What is z(q)?
7
Let b(n) be the third derivative of -n**5/60 - n**4/24 + 5*n**3/6 + 90*n**2. Calculate b(-4).
-7
Let d be (-2 - (-54)/(-8)) + 270/360. Let v(r) = -2 - 5 - 2 - r**2 - 10*r. What is v(d)?
7
Let h(u) = -u**2 - 9*u + 3. Let w(c) = -3*c**2 - 26*c + 8. Let n(b) = -8*h(b) + 3*w(b). Suppose 4*x - 2*o + 10 = 0, -11*x + 3*o = -16*x - 40. Calculate n(x).
5
Let x(g) = -5*g**3 - 11*g**2 - 6*g + 8. Let b(n) = n**3 + n**2 